is (22 - -1) + -52 + (42 - 31)?
-18
What is the value of (4 - (46 + -35)) + 104?
97
Calculate -28 + (73 - -7) + 21 + -2.
71
What is 164 + -183 + (5 - 4) + 1?
-17
Evaluate 35 - -24 - 60 - (-2 - -5).
-4
Evaluate -198 + 81 + (-28 - -181).
36
What is the value of -48 + 95 + -55 - -58?
50
What is -43 + (94 - 69) + 73 + -2?
53
-1 + -105 + (-29 - (-42 + (-12 - -16)))
-97
What is -11738 + 11768 - (1 - -140)?
-111
Calculate (1 + -15 - (-25 + 40)) + 13.
-16
Calculate 7 + 8 - (-45 - -51).
9
Evaluate (-50 - -65) + -8 + 19 + 2.
28
(-17 + 0 - (-65 - 25 - 6)) + (-7 - -2)
74
(-11 - -1) + (476 - 474) + 31
23
Evaluate (3 + (-16 - (1 + 0)) - 1) + (-16628 - -16634).
-9
Evaluate -1705 + 1622 + (-4 + 0 + 7 - (12 + 2)).
-94
What is 7 + (23 - (19 - -2)) + 4?
13
What is -5 - (-55 + 16 + 54 + 83)?
-103
Evaluate ((3 - -6 - 0) + -4 - -6) + -68 + -12.
-69
What is the value of 6 + 1 - (379 - 378) - (-17 - -36)?
-13
What is -29 + (-1 + 76 - 95)?
-49
What is the value of -59 + (32 + -29 - (2 + 7)) + -1 + -7?
-73
(80 - (-104 - -309)) + (0 - -24)
-101
What is (-62 + (132 - 70) - (1 + -9 + -1)) + 42?
51
Calculate -3 - -7 - (-57 + 68 - (3 + -30)).
-34
Evaluate 9 + (6 - -1) + 60 + -48.
28
Evaluate -1 - -4 - (-45 + 88 + -54) - 0.
14
What is the value of (0 - -2) + 56 + (-99 - -33) - -7?
-1
Evaluate -313 + 251 - (-12 + 4 - 6 - (-1 - 0)).
-49
What is the value of 6 - (176 + (38 - 142))?
-66
What is (-2 - 2) + (-16 - (-19 + 8)) - (2 + 56)?
-67
What is the value of -4 - 0 - ((127 - 49) + -40 + -84)?
42
What is the value of -11 - -2 - -2 - ((3 - 6) + 106 + -110)?
0
What is -3 + 1 + 9 - (-244 + 256)?
-5
What is 9 - (3 + 14 - (148 - 112))?
28
What is the value of (-11 - (-6 + 7)) + 36 + 0 + -5?
19
Evaluate (0 - 3) + (23 - 29) + 100 + -22.
69
Evaluate (7 - 9) + 6 + -27 + 29 + -8.
-2
What is the value of 1 + (6 - ((-1 - 3) + 8))?
3
What is the value of -11 - 11 - (-8 + -10 + (11 - -11))?
-26
Calculate -9 - -1 - -8 - (-357 + 354).
3
Evaluate 2 + 9 + -36 + 13 + -7 - 62.
-81
-15 + (-4 - 1) + 15 + -14
-19
What is the value of (-31 - -62) + (-395 - -349)?
-15
What is the value of 8 + -1 - (0 + (38 - 21 - 11))?
1
(69 - 28) + (5 - -1) + -12
35
Evaluate (-1 - 4) + -1 + 11 - (284 - 238).
-41
Calculate -12 + -3 - (0 - 10 - -40 - -18).
-63
(1 + 22 - (-414 - -540)) + -21
-124
What is 25 + 3 + 15 + -40 + -35 + 66?
34
Evaluate (82 - (16 + -10 - -12)) + 0 + (-10 - 1).
53
What is -68 + 1 - (-79 + (60 - 0))?
-48
What is the value of (-7 + 9 - (0 + 7)) + -553 + 545?
-13
Evaluate (41 - (22 - 24 - (-5 - 5) - 7)) + -9.
31
Evaluate (-20 - -17 - (-6 + 17 + 1 - 4)) + -89.
-100
-9 - (17 + -14 + -10) - 33 - -1
-34
Evaluate -34 + (1 - -1) - (908 - 871).
-69
Evaluate (0 - (9 + -3 - -4) - -2) + 43.
35
Calculate (-3 - 7) + (14 - (-22 + 30 - 44)).
40
What is 14 + -26 + (-14 - -9) - -5 - 33?
-45
Evaluate (5 - 35) + (-3 - (-22 + 17 + -3)).
-25
Calculate (1 - 14) + 73 + -2 + -17 + -47 - -139.
133
Evaluate 0 + -4 + (1 - 10 - -10) + 12.
9
2 - 15 - (-1563 - -1608)
-58
Evaluate 103 + -41 + -12 - 12.
38
What is (-11 - 9) + 17 + (20 - -5)?
22
What is -19 - (-3 - (21 + 0 + 0))?
5
What is (-324 + 313 - ((3 - 2) + 1 + -31)) + 11?
29
56 - ((1 - -15) + -5 + 2 + -5)
48
Evaluate (-102 - -100) + 53 + -77.
-26
What is (-8 - (-157 + 22)) + -53?
74
What is -1 - -8 - (-1368 - -1362) - (69 - 1)?
-55
Evaluate (26 - 2) + 35 + (-16 - 0).
43
What is the value of (16 - 0) + (2459 - 2483)?
-8
Calculate -1831 + 1814 - (-96 + -1 + 1 + 1).
78
Calculate 1 + (2 + -1 + (-20 - (18 - 34)) - 0).
-2
-2 + -2 + (120 - 10) + (80 - (-4 - -77))
113
What is 88 + -117 + (63 - 3) - 0?
31
What is (15 - 21) + 0 + -7 + 13?
0
What is the value of 14 + (38 - (-47 - -12) - (-4 + 7))?
84
54 - -9 - (10 - (16 + (-14 - -4)))
59
What is -50 + (-4 - (24 + -36))?
-42
What is the value of 23 + 4 + -13 + -55?
-41
15 - (-43 - -39 - 8)
27
(129 - (8 - -78)) + 58 + -8
93
Calculate 4 + (2 - -3 - (0 - 4 - (-44 - -3))).
-28
Calculate 26 + (-41 - -37) + -52.
-30
What is the value of 16 - (-3 - (2 + -3 - (155 - 228)))?
91
(-39 - 19) + 1 + (9 - -12) - -14
-22
-252 + 195 + (-30 + 15 - (-2 - 2))
-68
What is the value of (-94 + 48 - -47) + -36?
-35
Calculate (58 - (-17 - -18)) + -19 - 11.
27
-45 + (-12 - (53 + -83))
-27
What is the value of 51 - (-3 + 18 + (37 - 40) + -13)?
52
Calculate 0 + (-17 - -1) + (780 - 797).
-33
What is 88 + -14 + 2 + 4 - (1 - 13)?
92
Evaluate -2673 + 2623 + -1 + 40.
-11
Calculate 10 + -2 - (46 + -34 + -9).
5
Evaluate -18 + -5 + (205 - 177) + (1 - 5).
1
What is the value of (-57 - -46) + (-6 - (-21 + 7) - -12)?
9
Evaluate 14 + -1 + -27 + 88 + -25.
49
Evaluate 30 + -23 + -5 - 19 - -6.
-11
What is the value of (31 - 68) + 18 + -3 + -11?
-33
(-98 - 27) + 108 + -15
-32
What is 6 + -33 + 20 + (-57 - -16)?
-48
What is -315 - -309 - (5 + -10 - -15)?
-16
Calculate -1 - (-2 - 6) - (44 - 28).
-9
-2 - (183 + -187 - (-24 + 0) - 4)
-18
Evaluate (-57 - (-2 + -12)) + (-4 - -8).
-39
-31 + (27 - 34) + 47
9
190 + -15 + -193 + -1 + 76
57
Calculate 12 + -9 + 2 + -2 - (542 + -558).
19
What is (-10 - (-59 + -2 + 1 + 2)) + -15 + 11?
44
What is the value of (2 + 0 - (2 + -4)) + -39 + 223 + -250?
-62
Calculate 31 + (39 - (9 + 66)).
-5
Evaluate 7 - (792 - 781 - (13 - 1 - -3)).
11
Evaluate 37 - 63 - (6 + 4).
-36
What is the value of 4 + 0 + (-3 - (-31 + 24)) - -3?
11
What is -1 + ((-112 - -110) + (0 - 9) - 23) - -4?
-31
What is the value of (2358 - 2326) + -41 + 1?
-8
Evaluate (-82 - 10) + (-17 - (-43 + 20) - -16).
-70
What is the value of -2 + (11 - 1 - 7) + (-50 - 11) + 9?
-51
Evaluate (-52 - (1 - ((-11 - -27) + -11 - 13))) + -7.
-68
What is -3 - 38 - (-13 + -2 + -25 + 49) - -9?
-41
Calculate (-174 - -59) + 92 - (-21 + -1).
-1
Evaluate -35 + 13 + 15 + (29 - (6 + -2)).
18
What is the value of 28 - (-31 - -64 - 41)?
36
Evaluate -19 + (-6 + 20 - 6).
-11
-1 + 0 - 12 - (120 + -314 - -59)
122
What is the value of -9 + 0 - (-5 - (-12 + 4) - 3)?
-9
Evaluate 26 + 46 + -15 - (-2 + -4).
63
Calculate -134 + 10 + (130 - 79).
-73
What is the value of -15 + (33 - (7 + 20)) - 52?
-61
Calculate 10 - 0 - ((122 - 56) + (-3 - 19)).
-34
Evaluate 767 + -720 + (-23 - 3).
21
Calculate 0 + -8 + (-29 - (-34 - 1) - 3).
-5
Calculate 115 + (-32 + -199 - -124).
8
What is 4 - -1 - -4 - (-109 + 114)?
4
-10 + 0 + -2 + (1 - (-15 - (-105 + 4)))
-97
31 - (-83 - (-31 - 92))
-9
Evaluate (-242 - -279) + (-3 - (10 + -1)).
25
What is -8 + -52 + (-15 - -41) + -25 + -4?
-63
17 + (-99 - -97) + -117
-102
What is (0 - 114 - (152 - 151)) + (-31 - -29)?
-117
What is the value of -129 + 204 + (-166 - 0)?
-91
Calculate 1 + -18 + (18 - 24) + 56.
33
Evaluate 9 - (11 + (14 - ((-28 - -19) + 15))).
-10
What is the value of 45 + (18 - 10) + -112 - (3 + 0 + -1)?
-61
Calculate 39 + -141 + -26 - -55.
-73
Calculate -19 - (-3 - 17) - (-2 - 4 - (-3 - 5)).
-1
Evaluate -2 + (0 - -30) + 10 + -17 + -13.
8
What is (-8 - (-1 - 1)) + -2321 + 2325 + (2 - -108)?
108
-54 - (-36 - (34 + -60))
-44
What is -19 + -5 - (301 + -355)?
30
Calculate (43 - -2) + (165 - (203 - 101)).
108
(39 - 42) + 33 + (-5 - 10)
15
Calculate 11 - 0 - ((20 - 14) + -5 + -4).
14
-11 + 1 - ((0 + 3 - -12) + -3)
-22
What is the value of -18 - (-34 + 0 - (-256 - -243))?
3
What is the value of -118 + 31 + 84 + -50?
-53
Evaluate 8 - (-5 + 1 + (71 - (-5 - -11))).
-53
What is the value of (5 - (67 - (-3 + 23))) + 12?
-30
Calculate -1 - -13 - (-27 - (36 - 125)).
-50
-82 + 69 + (6 - (14 - 80)) + 0 + 0
59
What is 3 + 7 - ((-26 - (16 + (-15 - 17))) + 70)?
-50
Calculate 3 - (-2 - (2 + -11)) - (361 - 333).
-32
What is the value of 44 + (0 - (0 - 0 - -1)) + -64 + 55?
34
Calculate (12 - (-15 + 7) - 130) + (21 - 4).
-93
-194 + (-137 - (-33 + -191))
-107
Calculate 2 + 3 + -1 - (205 + -200).
-1
What is (5 - -1) + -1546 + 1538?
-2
Calculate -13 - (-1 + -2 + -750 + 761).
-21
Evaluate -50 + -1 + 45 + 38.
32
What is the value of -9 - (-5 + -31) - (-14 - -16)?
25
9 + (-11 - (-33 + 22) - -128)
137
(4 - (-185 + 180 - (-5 - (2 + -1)))) + 89
92
-2 + (3 - 6) + (29 - (5 - 12) - 8)
23
What is the value of 135 - (-62 - -88) - 38?
71
Evaluate 3 + -3 + -6 - (-314 + 280).
28
What is 12 + (51 + -56 - 4) + (0 - 16)?
-13
What is the value of 799 + -841 + (2 - -47)?
7
-8 + -423 + 445 + -30 + 0
-16
What is the value of -12 - (0 + 13 + -26 - -6) - 13?
-18
Evaluate 8 + -5 - (-44 + 16 + 7 - -11).
13
What is the value of 96 + (20